*i**2 + 99*i - 4. Let q(k) = -7*a(k) - 6*b(k). Give q(3).
-41
Let m(b) be the second derivative of b**4/4 + 7*b**3/3 + 13*b**2/2 - 7*b + 93. Give m(-1).
2
Let h(m) = -m**3 + 5*m**2 + 6*m - 8. Suppose -4*o = -4*b - 76, 4*o + 0*b = -b + 101. Suppose 6*a - a + 10 = 5*x, 0 = 2*x + 3*a - o. What is h(x)?
-8
Let f(i) be the second derivative of i**4/12 + 7*i**3/6 + 9*i**2/2 + 1347*i. Determine f(-2).
-1
Let p(z) = 23*z + 26. Let o be p(-1). Let q(u) = -3*u**2 + u**3 + 11*u**2 - 9*u**2 - 4 + u. What is q(o)?
17
Let w(n) = -n**2 - 4*n + 4. Let g(b) = b**3 + 11*b**2 - b - 6. Let q be g(-11). Suppose -q*h + 4*o + 5 = 0, 3*o = 4*h + 2*o + 7. Determine w(h).
7
Let a(y) = 27*y**3 + 8*y**2 - 9*y + 9. Let i(p) = -14*p**3 - p**2 - p - 1. Let d(r) = a(r) + 2*i(r). Calculate d(4).
-5
Let l = -1 + 1. Let r(z) be the first derivative of z**4/4 - z**3/3 - z**2/2 + 2*z - 13938. Determine r(l).
2
Let k(r) be the first derivative of r**4/4 + 2*r**3/3 - r - 1. Suppose 11890*f = 11810*f - 240. Give k(f).
-10
Let u(t) be the second derivative of 5*t**3/3 + 23*t**2 + 2*t + 410. What is u(-4)?
6
Let z(o) = -o**3 + 4*o**2 - 2*o - 1. Let n be z(3). Let j(c) = c + 2*c - c + 0*c - n. Let r = -3274 + 3276. What is j(r)?
2
Let n(h) = 26*h**2 - 56*h + 9. Let w(f) = -56*f**2 + 122*f - 19. Let d(s) = 13*n(s) + 6*w(s). Determine d(-1).
1
Let j(g) = g**3 + 8*g**2 + 4*g. Suppose 0 = 32*r - 94*r. Determine j(r).
0
Let q be 13/((-26)/(-24)) + 6/(-2). Suppose -3*p = 27 - q. Let g(j) be the second derivative of j**4/12 + j**3/2 - 4*j**2 - j. Give g(p).
10
Let n = -1089 - -1091. Let j = -10 + 17. Let f(g) = 10*g**2 - j*g**2 - n*g**2 - 4*g**2. Calculate f(-2).
-12
Let s(u) = 59*u**3 - 6*u**2 - 66*u + 6. Let q(z) = 15*z**3 - z**2 - 15*z + 1. Let m(h) = -9*q(h) + 2*s(h). Calculate m(-1).
14
Let l(s) be the third derivative of -s**7/840 - s**6/72 - s**5/24 - 5*s**4/24 - 2*s**3/3 + 52*s**2. Let i(f) be the first derivative of l(f). Determine i(-4).
-1
Let u(g) = 30*g + 1. Let r(w) = 357*w + 168. Let b(a) = -r(a) + 12*u(a). Calculate b(51).
-3
Let n(w) be the second derivative of -w**4/12 + 3*w**3/2 - 5*w**2/2 + 227*w + 1. Give n(4).
15
Let d(u) = -7*u + 1. Let x be (114/(-4))/((-2)/8). Suppose -5*l - f = -586, 5*l + 2*f + 288 = 880. Let o = x - l. What is d(o)?
15
Suppose -p = 16 - 26. Let q(y) = -46 - p*y + y**2 - 40 + 95. Calculate q(9).
0
Let u be (-24)/3*(-1)/(9 + -8). Let n(t) = 8*t - 104. Give n(u).
-40
Let u = 65 - 57. Let d(v) = -u*v + 18*v - 4*v. Suppose -6*t - 80 + 68 = 0. Give d(t).
-12
Let x(w) = -w - 3. Let j = -3 + -2. Let y be x(j). Suppose y*r + l - 27 = -12, l = r. Let o(t) = -t**3 + 5*t**2 - 2*t - 1. What is o(r)?
-11
Let k(c) = -30*c**3 - 5*c**2 - 43*c + 43. Let g(x) = -11*x**3 - x**2 - 15*x + 14. Let o(l) = 11*g(l) - 4*k(l). What is o(9)?
45
Suppose 0 = -8*p + 180 + 36. Let d be ((-6)/4)/(p/36). Let l(m) = -4*m**2 - 2*m - 3. Let z(u) = 5*u**2 + 2*u + 3. Let i(c) = 3*l(c) + 2*z(c). Give i(d).
-7
Let p(t) = 11*t - 4. Let x be p(1). Suppose x*v + 200 = 27*v. Let z(g) = g + 2. Calculate z(v).
12
Let t(p) = p + 1. Suppose 3*x - x + 4 = 0. Let i = x + 11. Suppose -8 = -i*a + 1. What is t(a)?
2
Let q(b) = b**3 + 8*b**2 + 7*b + 5. Let g(k) = -k**3 + 23*k**2 + 6*k - 23. Let t be g(23). Suppose -5*v - t = c, -c = v + 22 + 5. Let d = -29 - v. Give q(d).
5
Let n(q) = -2*q**2 + 2*q + 2. Let m be n(2). Let d = -132 + 136. Let y(r) = -d - 2 + 4 - 2*r + 5*r. Calculate y(m).
-8
Suppose 48 = -o + 2*p + 36, -4*o - 4*p = -24. Let m(j) = j**3 - j - 67. Give m(o).
-67
Suppose -203 - 7 = -15*v. Suppose 2 = -v*g + 12*g. Let o(w) = -24*w + 16. Let z(t) = 5*t - 3. Let u(l) = -3*o(l) - 16*z(l). Calculate u(g).
8
Let h(p) = p**2 - 19*p + 11. Suppose -216 = -134*d + 128*d. Suppose 12 = -3*n, d*x - 40*x + 68 = n. Give h(x).
-7
Let i(y) be the first derivative of y**5/60 - 7*y**4/24 - 3*y**3/2 + 7*y**2/2 - 2*y - 27. Let j(m) be the second derivative of i(m). Give j(8).
-1
Let r(a) = a - 5. Let h = 97 - 94. Suppose 0 = -3*t - h*m + 24, -3*m + 0*m + 20 = 2*t. What is r(t)?
-1
Suppose -127*y = -121*y - 18. Let g be ((-160)/48)/(-1 - (-5)/y). Let o(k) = -k**3 - 6*k**2 - 5*k + 7. Give o(g).
7
Let u(n) be the second derivative of -n**4/12 + 3*n**3/2 - 17*n**2/2 - 165*n. Determine u(10).
-27
Let t(h) = -h**3 + 9*h**2 - 2*h + 8. Suppose 0 = 2*g - 5*x - 2, -77*x = 3*g - 80*x - 12. Give t(g).
104
Let j(u) = u - 42. Let l = 3963 - 3976. What is j(l)?
-55
Let t be 20 - ((-56)/(-14) - -28). Let i(q) = 2*q + 24. Determine i(t).
0
Let z(w) = -3*w + 33. Let l be z(7). Suppose -38 = -l*d + 10. Let a(t) = t**2 - 5*t + 6. What is a(d)?
2
Let m(y) = y**3 - 14*y**2 + 12*y + 1. Let v = 269 + -256. Let l be m(v). Let a(r) = 3*r + 28. Determine a(l).
-8
Suppose -4*u + 5*f - 3*f + 24 = 0, -5*f = u - 6. Let k(q) = 8*q - 10. Let s(d) = -10*d + 11. Let y(i) = 4*k(i) + 3*s(i). Give y(u).
5
Let y = 16 - 13. Let p(o) = o**3 - 4*o**2 + o - 2. Let k be p(y). Let f(n) be the third derivative of n**4/24 + 7*n**3/6 - 127*n**2. Give f(k).
-1
Let t(y) = y**3 - 14*y**2 - 20*y + 69. Suppose -4*k + 3*o + 45 = 0, -3*k - 13 = 2*o - 68. Let u be t(k). Let d(r) = r - 9. Calculate d(u).
-15
Let m(d) = -346*d - 2075. Let a be m(-6). Let u(w) = -59*w - 5. Let y(f) = -39*f - 3. Let n(c) = 5*u(c) - 8*y(c). Give n(a).
16
Let r(m) = 52*m + 579. Let t(q) = q**3 + 85*q**2 + 750*q - 11. Let v be t(-10). Calculate r(v).
7
Let g(t) be the third derivative of -t**7/5040 - t**6/360 - t**5/15 + t**3/6 - 7*t**2 - 2*t. Let f(q) be the third derivative of g(q). Determine f(3).
-5
Let f(b) = b - 112. Let u(n) = 92*n - 159. Let v(c) = 3*f(c) - u(c). What is v(-2)?
1
Let v(s) = 2*s**2 + s - 2. Suppose 0*u = 5*k - 2*u + 590, 4*u = 5*k + 600. Let w = 105 + k. Let m be (11/w)/((-9)/(-6) + -1). What is v(m)?
4
Let v = -1903 + 1903. Let s(q) = q**3 + q**2 - 95. Give s(v).
-95
Let t(x) = x**2 + 9*x - 14. Suppose 63*o - 67*o + 54 = 5*b, -4*b + 30 = o. Calculate t(b).
76
Let c(j) = -1 - 120 - 31*j + 36*j. Let d be c(25). Let o(h) = -h**3 + 3*h**2 + 5*h + 1. Calculate o(d).
5
Suppose 3*t - 2*b - 44 = 0, 14 = t - 3*b - 10. Let p be (-4)/5*(114/t + -2). Let j be (p/4)/((-18)/96). Let h(l) = -l**3 + 9*l**2 - 8*l - 6. Determine h(j).
-6
Let p(d) = d + 3. Let n be (-4476)/(-14) + 19/((-798)/(-12)). Suppose 4*s - n = -344. What is p(s)?
-3
Let o = 5084 - 5073. Let u(k) = k**3 - 10*k**2 - 9*k - 26. What is u(o)?
-4
Let u(d) be the third derivative of -d**4/24 + 2*d**3 + 2*d**2 + d - 563. Give u(10).
2
Let m(z) be the third derivative of z**6/120 + z**5/15 - z**4/6 - 2*z**3 + 5033*z**2. Calculate m(-6).
-60
Let s(f) = 8*f**2 + f. Let t = -90 - -137. Suppose -g + 3*r - 67 = -6, -3*g + 3*r = 153. Let b = g + t. Calculate s(b).
9
Let z be 2 + 27 + 6 + -1. Suppose -5*d + 8 = -4*k, -3*d = -3*k - z + 31. Let s(g) = g**3 - 3*g**2 - 4. Determine s(k).
-4
Let l(n) = -22*n - 8. Let h(z) = -z**3 + 27*z**2 + 57*z + 25. Let y be h(29). Calculate l(y).
80
Let i(w) be the second derivative of -5*w**2 + 11/6*w**3 - 4*w + 1/20*w**5 - 11/12*w**4 + 0. Give i(10).
0
Let m(a) = -a + 1. Suppose 0 = -6*w + 2*w + 104. Suppose -7 = k + w. Let u = k + 37. Calculate m(u).
-3
Let n(i) = -114*i - 5695. Let l be n(-50). Let a(b) be the second derivative of -14*b - 7/6*b**3 + 1/4*b**4 + 1/20*b**l - 5/2*b**2 + 0. Determine a(-4).
7
Let t be 1/((-26)/(-40) - (-4)/(-10)). Let f(d) = -d**2 - d + t*d - 14 + 7 + 4. What is f(2)?
-1
Let d(g) = -2*g**2 + 4*g - 4. Let j(r) = -19*r**2 + 34*r - 9. Let q(c) = 9*d(c) - j(c). What is q(-10)?
53
Suppose -4*o - 49*o + 380 = -1104. Let z(p) = -2*p**3 + 55*p**2 + 27*p + 15. What is z(o)?
-13
Let d = 186 + -183. Let b(m) = 2*m**3 - 9*m**2 + 6*m - 1. Let p be b(d). Let k(f) = -f**3 - 11*f**2 - 11*f - 6. Give k(p).
4
Let l(p) = -7*p**2 - 18*p + 2. Let x(k) = -6*k**2 - 14*k + 1. Let j(g) = 5*l(g) - 6*x(g). What is j(6)?
4
Suppose 2*g - 31 + 12 = -f, -3*g + 31 = 2*f. Suppose 8 = 4*t - 3*t. Let x(h) = 3 - 26*h**2 + 29*h**2 + t*h**3 - g*h**3. Give x(-3).
3
Suppose -42*x = 3*t - 38*x - 22, -14 = t - 4*x. Let g(o) = -2*o**2 + 4*o - 11. Calculate g(t).
-11
Let u(o) = -100 + 4*o + 2*o**3 - 12*o - 8*o**2 + 91 - o**3. Calculate u(9).
0
Let f(l) = -72*l + 20. Let c(n) = -35*n + 1. Let t(b) = 2*c(b) - f(b). Calculate t(-22).
-62
Let b be 23/(23/354)*(-1)/(-2). Let y = -167 + b. Let u(i) be the